{"id":1731,"date":"2026-01-30T17:20:09","date_gmt":"2026-01-30T16:20:09","guid":{"rendered":"https:\/\/elm-formaction.fr\/?post_type=product&#038;p=1731"},"modified":"2026-03-02T09:40:17","modified_gmt":"2026-03-02T08:40:17","slug":"trousse-secours-professionnelle","status":"publish","type":"product","link":"https:\/\/elm-formaction.fr\/index.php\/produit\/trousse-secours-professionnelle\/","title":{"rendered":"Trousse de secours ELM \u2013 Pr\u00e9vention et s\u00e9curit\u00e9 multirisques"},"content":{"rendered":"<h2 style=\"text-align: center;\">Une trousse essentielle pour la pr\u00e9vention au travail, \u00e0 domicile ou dans les collectivit\u00e9s.<\/h2>\n<p style=\"text-align: left;\" data-start=\"465\" data-end=\"752\">La <strong data-start=\"468\" data-end=\"516\">trousse de secours entreprise <a href=\"https:\/\/elm-formaction.fr\/\">ELM FormAction<\/a><\/strong> est con\u00e7ue pour r\u00e9pondre aux besoins courants de premiers secours en milieu professionnel ou priv\u00e9.<br data-start=\"607\" data-end=\"610\" \/>Elle permet d\u2019intervenir rapidement en cas de blessure l\u00e9g\u00e8re, dans une logique de <strong data-start=\"693\" data-end=\"751\">pr\u00e9vention, de s\u00e9curit\u00e9 et de protection des personnes<\/strong>.<\/p>\n<p style=\"text-align: left;\" data-start=\"754\" data-end=\"975\">Adapt\u00e9e aux <strong data-start=\"766\" data-end=\"858\">entreprises, collectivit\u00e9s, \u00e9tablissements recevant du public, organismes de formation et pour les particuliers<\/strong>, cette trousse constitue un \u00e9quipement indispensable pour accompagner les d\u00e9marches de sant\u00e9 et s\u00e9curit\u00e9 au quotidien.<\/p>\n<p style=\"text-align: left;\" data-start=\"754\" data-end=\"975\">Elle est con\u00e7ue pour vous permettre d&rsquo;agir en toute efficacit\u00e9 dans l&rsquo;ensemble des risques courants :<\/p>\n<ul>\n<li style=\"text-align: left;\" data-start=\"754\" data-end=\"975\">H\u00e9morragie<\/li>\n<li style=\"text-align: left;\" data-start=\"754\" data-end=\"975\">Br\u00fblure<\/li>\n<li style=\"text-align: left;\" data-start=\"754\" data-end=\"975\">Coup et traumatisme l\u00e9ger<\/li>\n<li style=\"text-align: left;\" data-start=\"754\" data-end=\"975\">Coupure non h\u00e9morragique<\/li>\n<li style=\"text-align: left;\" data-start=\"754\" data-end=\"975\">Piq\u00fbre d&rsquo;insectes ou v\u00e9g\u00e9taux<\/li>\n<li style=\"text-align: left;\" data-start=\"754\" data-end=\"975\">R\u00e9animation cardio-pulmonaire<\/li>\n<li style=\"text-align: left;\" data-start=\"754\" data-end=\"975\">Traumatismes (fracture\/immobilisation du membre sup\u00e9rieur)<\/li>\n<li style=\"text-align: left;\" data-start=\"754\" data-end=\"975\">Incidents oculaires<\/li>\n<li style=\"text-align: left;\" data-start=\"754\" data-end=\"975\">etc..<\/li>\n<\/ul>\n<p>Elle permet d&rsquo;intervenir rapidement et de mani\u00e8re efficace en attendant l&rsquo;arriv\u00e9e des secours (si n\u00e9cessaires), gr\u00e2ce \u00e0 sa sa taille permettant de l&#8217;emmener partout avec facilit\u00e9.<\/p>\n<h3 data-start=\"754\" data-end=\"975\">Contenu de la trousse de secours<\/h3>\n<ul style=\"text-align: left;\">\n<li>2 paires de gants st\u00e9riles<\/li>\n<li>3 buchettes de sucre<\/li>\n<li>10 compresses st\u00e9riles<\/li>\n<li>10 lingettes d\u00e9sinfectantes<\/li>\n<li>5 lingettes plaies et br\u00fblures<\/li>\n<li>5 s\u00e9rum physiologiques<\/li>\n<li>1 stick piq\u00fbres insectes\/v\u00e9g\u00e9taux<\/li>\n<li>4 bandes pansement \u00e0 d\u00e9couper<\/li>\n<li>3 bandes extensibles<\/li>\n<li>1 sparadrap<\/li>\n<li>1 paire de ciseaux Jesco<\/li>\n<li>1 Attelle modulable<\/li>\n<li>1 \u00c9charpe<\/li>\n<li>1 Pansement compressif type Isra\u00e9lien<\/li>\n<li>1 Garrot tourniquet avec son style<\/li>\n<li>3 tubes de coton avec r\u00e9servoir de solution hydro-alcoolique<\/li>\n<li>3 tubes de coton avec r\u00e9servoir de solution B\u00e9tadine<\/li>\n<li>3 lingettes tactiques<\/li>\n<li>4 St\u00e9ri-stripes<\/li>\n<li>1 Pochette plastique Zip<\/li>\n<li>1 Outil multi-usage ( provisoire)<\/li>\n<li>1 Porte-clef masque insufflation ELM<\/li>\n<\/ul>\n<p style=\"text-align: left;\">\n","protected":false},"excerpt":{"rendered":"<p><span style=\"color: #000000;\">La <strong data-start=\"468\" data-end=\"516\">trousse de secours entreprise ELM FormAction<\/strong> est con\u00e7ue pour r\u00e9pondre aux besoins courants de premiers secours en milieu professionnel.<\/span><\/p>\n<p><img fetchpriority=\"high\" decoding=\"async\" class=\"alignnone size-medium wp-image-1739\" src=\"https:\/\/elm-formaction.fr\/wp-content\/uploads\/2026\/02\/IMG_2897-225x300.jpeg\" alt=\"Trousse de secours professionnelle compl\u00e8te pour entreprise et formation\" width=\"225\" height=\"300\" srcset=\"https:\/\/elm-formaction.fr\/wp-content\/uploads\/2026\/02\/IMG_2897-225x300.jpeg 225w, https:\/\/elm-formaction.fr\/wp-content\/uploads\/2026\/02\/IMG_2897-scaled-300x400.jpeg 300w, https:\/\/elm-formaction.fr\/wp-content\/uploads\/2026\/02\/IMG_2897-768x1024.jpeg 768w, https:\/\/elm-formaction.fr\/wp-content\/uploads\/2026\/02\/IMG_2897-1152x1536.jpeg 1152w, https:\/\/elm-formaction.fr\/wp-content\/uploads\/2026\/02\/IMG_2897-1536x2048.jpeg 1536w, https:\/\/elm-formaction.fr\/wp-content\/uploads\/2026\/02\/IMG_2897-scaled.jpeg 1920w\" sizes=\"(max-width: 225px) 100vw, 225px\" \/><\/p>\n","protected":false},"featured_media":2224,"comment_status":"open","ping_status":"closed","template":"","meta":[],"product_brand":[],"product_cat":[47],"product_tag":[],"class_list":{"0":"post-1731","1":"product","2":"type-product","3":"status-publish","4":"has-post-thumbnail","6":"product_cat-trousse-de-secours-complete","7":"product_shipping_class-colis-classique","9":"first","10":"outofstock","11":"featured","12":"purchasable","13":"product-type-variable"},"yoast_head":"<!-- This site is optimized with the Yoast SEO plugin v27.5 - https:\/\/yoast.com\/product\/yoast-seo-wordpress\/ -->\n<title>Trousse de secours entreprise | ELM FormAction<\/title>\n<meta name=\"description\" content=\"Trousse de secours entreprise compl\u00e8te pour la pr\u00e9vention et la s\u00e9curit\u00e9 au travail. \u00c9quipement adapt\u00e9 aux besoins professionnels et formations.\" \/>\n<meta name=\"robots\" content=\"index, follow, max-snippet:-1, max-image-preview:large, max-video-preview:-1\" \/>\n<link rel=\"canonical\" href=\"https:\/\/elm-formaction.fr\/index.php\/produit\/trousse-secours-professionnelle\/\" \/>\n<meta property=\"og:locale\" content=\"fr_FR\" \/>\n<meta property=\"og:type\" content=\"article\" \/>\n<meta property=\"og:title\" content=\"Trousse de secours entreprise | ELM FormAction\" \/>\n<meta property=\"og:description\" content=\"Trousse de secours entreprise compl\u00e8te pour la pr\u00e9vention et la s\u00e9curit\u00e9 au travail. \u00c9quipement adapt\u00e9 aux besoins professionnels et formations.\" \/>\n<meta property=\"og:url\" content=\"https:\/\/elm-formaction.fr\/index.php\/produit\/trousse-secours-professionnelle\/\" \/>\n<meta property=\"og:site_name\" content=\"ELM-FORMACTION\" \/>\n<meta property=\"article:publisher\" content=\"https:\/\/www.facebook.com\/people\/ELM-FormAction\/61573750692677\/\" \/>\n<meta property=\"article:modified_time\" content=\"2026-03-02T08:40:17+00:00\" \/>\n<meta property=\"og:image\" content=\"https:\/\/elm-formaction.fr\/wp-content\/uploads\/2026\/02\/1-1-scaled.jpg\" \/>\n\t<meta property=\"og:image:width\" content=\"1920\" \/>\n\t<meta property=\"og:image:height\" content=\"2560\" \/>\n\t<meta property=\"og:image:type\" content=\"image\/jpeg\" \/>\n<meta name=\"twitter:card\" content=\"summary_large_image\" \/>\n<meta name=\"twitter:label1\" content=\"Dur\u00e9e de lecture estim\u00e9e\" \/>\n\t<meta name=\"twitter:data1\" content=\"2 minutes\" \/>\n<script type=\"application\/ld+json\" class=\"yoast-schema-graph\">{\"@context\":\"https:\\\/\\\/schema.org\",\"@graph\":[{\"@type\":\"WebPage\",\"@id\":\"https:\\\/\\\/elm-formaction.fr\\\/index.php\\\/produit\\\/trousse-secours-professionnelle\\\/\",\"url\":\"https:\\\/\\\/elm-formaction.fr\\\/index.php\\\/produit\\\/trousse-secours-professionnelle\\\/\",\"name\":\"Trousse de secours entreprise | ELM FormAction\",\"isPartOf\":{\"@id\":\"https:\\\/\\\/elm-formaction.fr\\\/#website\"},\"primaryImageOfPage\":{\"@id\":\"https:\\\/\\\/elm-formaction.fr\\\/index.php\\\/produit\\\/trousse-secours-professionnelle\\\/#primaryimage\"},\"image\":{\"@id\":\"https:\\\/\\\/elm-formaction.fr\\\/index.php\\\/produit\\\/trousse-secours-professionnelle\\\/#primaryimage\"},\"thumbnailUrl\":\"https:\\\/\\\/elm-formaction.fr\\\/wp-content\\\/uploads\\\/2026\\\/02\\\/1-1-scaled.jpg\",\"datePublished\":\"2026-01-30T16:20:09+00:00\",\"dateModified\":\"2026-03-02T08:40:17+00:00\",\"description\":\"Trousse de secours entreprise compl\u00e8te pour la pr\u00e9vention et la s\u00e9curit\u00e9 au travail. \u00c9quipement adapt\u00e9 aux besoins professionnels et formations.\",\"breadcrumb\":{\"@id\":\"https:\\\/\\\/elm-formaction.fr\\\/index.php\\\/produit\\\/trousse-secours-professionnelle\\\/#breadcrumb\"},\"inLanguage\":\"fr-FR\",\"potentialAction\":[{\"@type\":\"ReadAction\",\"target\":[\"https:\\\/\\\/elm-formaction.fr\\\/index.php\\\/produit\\\/trousse-secours-professionnelle\\\/\"]}]},{\"@type\":\"ImageObject\",\"inLanguage\":\"fr-FR\",\"@id\":\"https:\\\/\\\/elm-formaction.fr\\\/index.php\\\/produit\\\/trousse-secours-professionnelle\\\/#primaryimage\",\"url\":\"https:\\\/\\\/elm-formaction.fr\\\/wp-content\\\/uploads\\\/2026\\\/02\\\/1-1-scaled.jpg\",\"contentUrl\":\"https:\\\/\\\/elm-formaction.fr\\\/wp-content\\\/uploads\\\/2026\\\/02\\\/1-1-scaled.jpg\",\"width\":1920,\"height\":2560,\"caption\":\"Trousse de secours multirisques pour les particuliers et les professionnels\"},{\"@type\":\"BreadcrumbList\",\"@id\":\"https:\\\/\\\/elm-formaction.fr\\\/index.php\\\/produit\\\/trousse-secours-professionnelle\\\/#breadcrumb\",\"itemListElement\":[{\"@type\":\"ListItem\",\"position\":1,\"name\":\"Accueil\",\"item\":\"https:\\\/\\\/elm-formaction.fr\\\/\"},{\"@type\":\"ListItem\",\"position\":2,\"name\":\"Boutique\",\"item\":\"https:\\\/\\\/elm-formaction.fr\\\/index.php\\\/boutique\\\/\"},{\"@type\":\"ListItem\",\"position\":3,\"name\":\"Trousse de secours ELM \u2013 Pr\u00e9vention et s\u00e9curit\u00e9 multirisques\"}]},{\"@type\":\"WebSite\",\"@id\":\"https:\\\/\\\/elm-formaction.fr\\\/#website\",\"url\":\"https:\\\/\\\/elm-formaction.fr\\\/\",\"name\":\"ELM-FORMACTION\",\"description\":\"Formez vous aujourd&#039;hui, agissez demain\",\"publisher\":{\"@id\":\"https:\\\/\\\/elm-formaction.fr\\\/#organization\"},\"potentialAction\":[{\"@type\":\"SearchAction\",\"target\":{\"@type\":\"EntryPoint\",\"urlTemplate\":\"https:\\\/\\\/elm-formaction.fr\\\/?s={search_term_string}\"},\"query-input\":{\"@type\":\"PropertyValueSpecification\",\"valueRequired\":true,\"valueName\":\"search_term_string\"}}],\"inLanguage\":\"fr-FR\"},{\"@type\":\"Organization\",\"@id\":\"https:\\\/\\\/elm-formaction.fr\\\/#organization\",\"name\":\"ELM-FORMACTION\",\"url\":\"https:\\\/\\\/elm-formaction.fr\\\/\",\"logo\":{\"@type\":\"ImageObject\",\"inLanguage\":\"fr-FR\",\"@id\":\"https:\\\/\\\/elm-formaction.fr\\\/#\\\/schema\\\/logo\\\/image\\\/\",\"url\":\"https:\\\/\\\/elm-formaction.fr\\\/wp-content\\\/uploads\\\/2025\\\/06\\\/Logo-pour-fond-blanc-2.svg\",\"contentUrl\":\"https:\\\/\\\/elm-formaction.fr\\\/wp-content\\\/uploads\\\/2025\\\/06\\\/Logo-pour-fond-blanc-2.svg\",\"width\":493,\"height\":158,\"caption\":\"ELM-FORMACTION\"},\"image\":{\"@id\":\"https:\\\/\\\/elm-formaction.fr\\\/#\\\/schema\\\/logo\\\/image\\\/\"},\"sameAs\":[\"https:\\\/\\\/www.facebook.com\\\/people\\\/ELM-FormAction\\\/61573750692677\\\/\",\"https:\\\/\\\/www.instagram.com\\\/elm_formaction\\\/\"]}]}<\/script>\n<!-- \/ Yoast SEO plugin. -->","yoast_head_json":{"title":"Trousse de secours entreprise | ELM FormAction","description":"Trousse de secours entreprise compl\u00e8te pour la pr\u00e9vention et la s\u00e9curit\u00e9 au travail. \u00c9quipement adapt\u00e9 aux besoins professionnels et formations.","robots":{"index":"index","follow":"follow","max-snippet":"max-snippet:-1","max-image-preview":"max-image-preview:large","max-video-preview":"max-video-preview:-1"},"canonical":"https:\/\/elm-formaction.fr\/index.php\/produit\/trousse-secours-professionnelle\/","og_locale":"fr_FR","og_type":"article","og_title":"Trousse de secours entreprise | ELM FormAction","og_description":"Trousse de secours entreprise compl\u00e8te pour la pr\u00e9vention et la s\u00e9curit\u00e9 au travail. \u00c9quipement adapt\u00e9 aux besoins professionnels et formations.","og_url":"https:\/\/elm-formaction.fr\/index.php\/produit\/trousse-secours-professionnelle\/","og_site_name":"ELM-FORMACTION","article_publisher":"https:\/\/www.facebook.com\/people\/ELM-FormAction\/61573750692677\/","article_modified_time":"2026-03-02T08:40:17+00:00","og_image":[{"width":1920,"height":2560,"url":"https:\/\/elm-formaction.fr\/wp-content\/uploads\/2026\/02\/1-1-scaled.jpg","type":"image\/jpeg"}],"twitter_card":"summary_large_image","twitter_misc":{"Dur\u00e9e de lecture estim\u00e9e":"2 minutes"},"schema":{"@context":"https:\/\/schema.org","@graph":[{"@type":"WebPage","@id":"https:\/\/elm-formaction.fr\/index.php\/produit\/trousse-secours-professionnelle\/","url":"https:\/\/elm-formaction.fr\/index.php\/produit\/trousse-secours-professionnelle\/","name":"Trousse de secours entreprise | ELM FormAction","isPartOf":{"@id":"https:\/\/elm-formaction.fr\/#website"},"primaryImageOfPage":{"@id":"https:\/\/elm-formaction.fr\/index.php\/produit\/trousse-secours-professionnelle\/#primaryimage"},"image":{"@id":"https:\/\/elm-formaction.fr\/index.php\/produit\/trousse-secours-professionnelle\/#primaryimage"},"thumbnailUrl":"https:\/\/elm-formaction.fr\/wp-content\/uploads\/2026\/02\/1-1-scaled.jpg","datePublished":"2026-01-30T16:20:09+00:00","dateModified":"2026-03-02T08:40:17+00:00","description":"Trousse de secours entreprise compl\u00e8te pour la pr\u00e9vention et la s\u00e9curit\u00e9 au travail. \u00c9quipement adapt\u00e9 aux besoins professionnels et formations.","breadcrumb":{"@id":"https:\/\/elm-formaction.fr\/index.php\/produit\/trousse-secours-professionnelle\/#breadcrumb"},"inLanguage":"fr-FR","potentialAction":[{"@type":"ReadAction","target":["https:\/\/elm-formaction.fr\/index.php\/produit\/trousse-secours-professionnelle\/"]}]},{"@type":"ImageObject","inLanguage":"fr-FR","@id":"https:\/\/elm-formaction.fr\/index.php\/produit\/trousse-secours-professionnelle\/#primaryimage","url":"https:\/\/elm-formaction.fr\/wp-content\/uploads\/2026\/02\/1-1-scaled.jpg","contentUrl":"https:\/\/elm-formaction.fr\/wp-content\/uploads\/2026\/02\/1-1-scaled.jpg","width":1920,"height":2560,"caption":"Trousse de secours multirisques pour les particuliers et les professionnels"},{"@type":"BreadcrumbList","@id":"https:\/\/elm-formaction.fr\/index.php\/produit\/trousse-secours-professionnelle\/#breadcrumb","itemListElement":[{"@type":"ListItem","position":1,"name":"Accueil","item":"https:\/\/elm-formaction.fr\/"},{"@type":"ListItem","position":2,"name":"Boutique","item":"https:\/\/elm-formaction.fr\/index.php\/boutique\/"},{"@type":"ListItem","position":3,"name":"Trousse de secours ELM \u2013 Pr\u00e9vention et s\u00e9curit\u00e9 multirisques"}]},{"@type":"WebSite","@id":"https:\/\/elm-formaction.fr\/#website","url":"https:\/\/elm-formaction.fr\/","name":"ELM-FORMACTION","description":"Formez vous aujourd&#039;hui, agissez demain","publisher":{"@id":"https:\/\/elm-formaction.fr\/#organization"},"potentialAction":[{"@type":"SearchAction","target":{"@type":"EntryPoint","urlTemplate":"https:\/\/elm-formaction.fr\/?s={search_term_string}"},"query-input":{"@type":"PropertyValueSpecification","valueRequired":true,"valueName":"search_term_string"}}],"inLanguage":"fr-FR"},{"@type":"Organization","@id":"https:\/\/elm-formaction.fr\/#organization","name":"ELM-FORMACTION","url":"https:\/\/elm-formaction.fr\/","logo":{"@type":"ImageObject","inLanguage":"fr-FR","@id":"https:\/\/elm-formaction.fr\/#\/schema\/logo\/image\/","url":"https:\/\/elm-formaction.fr\/wp-content\/uploads\/2025\/06\/Logo-pour-fond-blanc-2.svg","contentUrl":"https:\/\/elm-formaction.fr\/wp-content\/uploads\/2025\/06\/Logo-pour-fond-blanc-2.svg","width":493,"height":158,"caption":"ELM-FORMACTION"},"image":{"@id":"https:\/\/elm-formaction.fr\/#\/schema\/logo\/image\/"},"sameAs":["https:\/\/www.facebook.com\/people\/ELM-FormAction\/61573750692677\/","https:\/\/www.instagram.com\/elm_formaction\/"]}]}},"_links":{"self":[{"href":"https:\/\/elm-formaction.fr\/index.php\/wp-json\/wp\/v2\/product\/1731","targetHints":{"allow":["GET"]}}],"collection":[{"href":"https:\/\/elm-formaction.fr\/index.php\/wp-json\/wp\/v2\/product"}],"about":[{"href":"https:\/\/elm-formaction.fr\/index.php\/wp-json\/wp\/v2\/types\/product"}],"replies":[{"embeddable":true,"href":"https:\/\/elm-formaction.fr\/index.php\/wp-json\/wp\/v2\/comments?post=1731"}],"wp:featuredmedia":[{"embeddable":true,"href":"https:\/\/elm-formaction.fr\/index.php\/wp-json\/wp\/v2\/media\/2224"}],"wp:attachment":[{"href":"https:\/\/elm-formaction.fr\/index.php\/wp-json\/wp\/v2\/media?parent=1731"}],"wp:term":[{"taxonomy":"product_brand","embeddable":true,"href":"https:\/\/elm-formaction.fr\/index.php\/wp-json\/wp\/v2\/product_brand?post=1731"},{"taxonomy":"product_cat","embeddable":true,"href":"https:\/\/elm-formaction.fr\/index.php\/wp-json\/wp\/v2\/product_cat?post=1731"},{"taxonomy":"product_tag","embeddable":true,"href":"https:\/\/elm-formaction.fr\/index.php\/wp-json\/wp\/v2\/product_tag?post=1731"}],"curies":[{"name":"wp","href":"https:\/\/api.w.org\/{rel}","templated":true}]}}